 + (2 - (-25 + 8)) - 25.
-52
Evaluate (22 + -12 - (11 - 5)) + (-3 - 5) - 7.
-11
Evaluate -51 + 28 + -6 - (2 - 19).
-12
-5 + 15 + (26 - 13) + -5 + -20
-2
Calculate -1 + -33 + 334 + -308 + -2 + 1 + -17.
-26
Evaluate 7 + 37 + 2 + (21 - (16 + 12)).
39
(-89 - -91) + 0 + (2 + 3 - (16 + 42))
-51
(-130 + -23 - -350) + -89
108
-68 - ((19 - -14 - 38) + (7 + -2 - 1))
-67
What is (-8 - (0 + 2)) + (-1331 - -1299)?
-42
What is -5 + 25 - (-15 - (-27 + -2)) - 128?
-122
Calculate -4 + 5 + -12 + (-4 - -23 - -9).
17
Calculate 11 + -46 - (-66 - -53 - (-24 + 0)).
-46
What is the value of 34 - ((-2 - -27) + (-205 - -306))?
-92
Calculate 18 - 8 - ((1 - (0 + 6)) + -48 + -3).
66
Evaluate 4 + -7 + (4 + -3 - (-15 + (11 - -6))).
-4
What is the value of (107 - -185) + -340 + 1 + 8?
-39
Calculate 7 + (10 - (-18 + 40) - -101) + -15.
81
Evaluate 561 + -580 + (-4 - 0) + 5.
-18
What is the value of -9 - (7 + (-2 - 5 - (14 + -19)))?
-14
-2 + (0 - -10) + (-3 + 36 - -8 - 0)
49
(0 - (-13 - -2) - (5037 + -5040)) + 31
45
What is -1 + (7 - (-39 + (9 - 2))) - -6?
44
Calculate -8153 + 8159 - (0 + 27).
-21
What is (-105 + 229 - 90) + -1 + 1 + 4?
38
Calculate -1 + 95 + -422 + 398 - 19.
51
Evaluate (25 - (13 + (74 - 27))) + 1.
-34
What is (32 + 2 - (-19 - -92)) + 17?
-22
Calculate -9 + -210 + 233 - (120 - 2 - (1 - 2)).
-105
What is 109 + -170 - (3 + -84) - (0 - -33)?
-13
What is the value of 6 + (24 - (2 + -13 + 23) - -8)?
26
What is the value of 13 + (15 + -18 + 18 - (78 + -1))?
-49
-19 + (-25 + 10 - 5) - -138
99
What is the value of (-11 + -1 + -2 - 33 - 4) + 2 + -1?
-50
Calculate -11 + -38 + 30 + (-9 + 0 - -1).
-27
Calculate (6695 - 6696) + (3 - 1) + (1 - -2) + -37.
-33
What is the value of 49 + 100 + -74 + -50?
25
What is the value of -15 + (7 - 5) - (40 + -77) - -7?
31
Calculate (-33 - -1 - (-21 - (-1 + -25))) + 7.
-30
What is 9828 + -9805 - (68 + -1 - -2)?
-46
Calculate (60 - 3) + (-15 - (-53 + 18 - -18)).
59
(5 - (-28 + -10 - -19)) + (-174 - -41)
-109
What is the value of 3 + (14 - 2) + -9 + 8 + 10?
24
Calculate (-2 + 11 + 2 - (216 - 210)) + 10.
15
What is the value of (-215 - -154) + 1 + 83?
23
2 + -3 - -14 - (1166 - 1207)
54
What is 2 - (14 + (1 - 11)) - (47 - (-8 - -2))?
-55
What is the value of 165 + -156 + (2 - 80) - ((-6 - -7) + 4)?
-74
What is the value of -38 + (37 - (51 - -3))?
-55
Calculate (3 - -59 - (1 + 1)) + (19 - 16).
63
What is the value of -43 + -14 - -17 - -54?
14
What is the value of (-18 - (-32 - -7)) + 3 - 36?
-26
Calculate 4 + 12 + -780 + 833.
69
What is the value of 11 + (72 - (-43 - -108))?
18
33 - 17 - (12 + (0 - (4 - -7)))
15
Calculate -30 + 176 + (-253 - -165).
58
14 + -24 - -13 - (18 + 4)
-19
Calculate 42 - ((32 - -2) + -22).
30
63 + -174 + 48 - -11
-52
32 + (-73 - -32) - -52
43
Calculate 14 + -47 + 19 + -29.
-43
What is 43 - (-61 + (32 - -25))?
47
What is (13 - (-2 - -2) - (-184 - -184)) + 29?
42
49 - ((-79 - -136) + -40)
32
What is the value of 9 + (-18 - -20) + -9 + (60 - (1 - 3))?
64
(-6 + -2 - -3 - -11) + -10 - 2
-6
What is -76 + 95 - (-5 + -9 - -11)?
22
What is (-81 - -172) + -38 - -2?
55
What is the value of 87 - 22 - (111 + 37)?
-83
Evaluate -35 + ((1 - 17) + (14 - 10) - -10).
-37
What is 33 + (-32 - -42 - -25 - 141)?
-73
Calculate 1 - 0 - (2752 - 2726 - (15 + 1 - 0)).
-9
Calculate (125 - 1) + (26 - (16 + 0 - (-903 - -900))).
131
Evaluate 9 - (6 - 3) - 5 - -81 - (-98 + 108).
72
Calculate -1 + -8 + 6 + 21 + -17.
1
-63 - (-189 + 194 - (-3 + 0 + (1 - -2)))
-68
What is the value of 66 + (-55 + 24 - -43)?
78
(91 - -8 - 4) + (213 - 179)
129
What is the value of 32 + 116 + 0 + -19?
129
What is 50 - -26 - 21 - 91?
-36
Calculate 8 + 7 + -6 - (4 + -59).
64
Calculate (37 - (-1 + 32 + -1)) + 57.
64
What is the value of (-11 + 2 - 15) + (12 + -7 - 5)?
-24
What is the value of 71 - -41 - (21 - (4 + -15))?
80
What is the value of 17 + 5 + -10 + (4 - (-14 + 14) - 44)?
-28
What is the value of -45 + 13 + 16 + 33?
17
Calculate -15 + (-7 - -11) + -2 - (-372 - -239).
120
What is the value of (-10 - ((7 - 25) + 3)) + -18 - -45?
32
What is the value of (-26 - (1 + (27 - 29))) + -49?
-74
What is -32 - (-5 + -40 - (-189 + 128))?
-48
Calculate -122 + (41 - (20 - -2)).
-103
28 + (-1 - 23) + 9 - (-10 - 3)
26
What is -26 + -39 + (-5 - -5) + 27?
-38
Calculate -6 + (21 + -19 - (31 - -4)) + -4.
-43
What is -17 + (47 - -2) + -9 + -32?
-9
Evaluate (233 - 260) + (2 - (3 - 2)) + 0.
-26
What is 18 + (-59 - (-39 + 10))?
-12
What is -1 + 0 + (16 - 51) + 54 + -46?
-28
What is 3 - (-96 - (-161 - -31))?
-31
Calculate 11 + 9 + (6 - 11 - -10) + -76.
-51
Calculate -18 - ((-4 - (-1 - -3)) + -51 + 66).
-27
What is (-2 - -10) + 17 + 11 + 5?
41
10 - (13 + (-39 - -35))
1
Calculate 32 + 41 + (-26 - 61) + 1 + -10.
-23
What is -42 + (171 + -15 - -18) + -36?
96
What is (-108 - -7) + 115 - 3?
11
Evaluate -71 + -1 - 0 - (70 + (-14 - (77 - 31))).
-82
Evaluate -12 - (25 + -52 + -10).
25
What is the value of 53 + 6 + (-26 - 34) + 21?
20
55 - (31 + -8 + 16)
16
(16 - (6 + 13)) + 34 + -1
30
-109 - 23 - -82 - -57
7
-10 + -2 + (1 - 6) + 9 + -49 + -3
-60
(5 + -4 - (5 - (-5 + 23))) + 2
16
What is the value of 20 + -13 + -16 + 20 + (0 - -31)?
42
What is -108 + 2 + (47 - (36 + 4)) + 18?
-81
Calculate 0 + -37 + -20 - -21 - -39.
3
What is -28 + 2 - (4 + -70 + -31)?
71
(-9 - (-13 + 6 + -15 + (-1 - -21))) + 46
39
(-52 - -3) + (91 + -59 - 30 - (-1 - 7))
-39
(249 + -257 - (-19 + -1)) + (-4 - -3)
11
Calculate 4 - -3 - (-12 + 27 + 43).
-51
What is (9 - 9 - 6) + (-12 - -20 - 13)?
-11
Calculate -2 + -55 + -3 + -6 + -9 + (-5 - -11).
-69
(19 - -3) + -35 + (0 - 41) + 4
-50
Evaluate -424 - -425 - (-45 + 3 + (-1 - 6) + 4).
46
(2 + 2 - (54 - 48) - (39 - 25)) + -31
-47
What is the value of 456 + -496 - (4 + -3 - 1 - 3)?
-37
What is the value of -20 - (5 - 40) - (-10 + -8)?
33
Calculate ((-6 - -14) + 28 - 5) + 3.
34
What is the value of -1 + (6 - 5 - (-9 - 2)) - 63?
-52
69 + 45 + (-77 - -13)
50
Calculate (5 - (-11 - -18) - -13) + 8 + 16.
35
Evaluate 37 - (103 - (42 + 6)).
-18
What is the value of 31 + 1 + 583 + -656?
-41
Evaluate 1 + (1 - 37) - ((-38 - -46) + -6).
-37
(-7 - -16) + 4 + (408 - 400)
21
What is the value of -73 - (39 - (18 + -19 + 32))?
-81
0 + -20 + (92 - 76)
-4
Calculate -3 + (-9 + 4 - 36) - (-2 - 1 - 1).
-40
What is the value of (19 - ((3 - -1) + (88 - 81)) - 87) + 8?
-71
What is the value of 1 + 14 - (13 + (-7 - 35) + -22)?
66
Calculate -49 + -1 + 13 + (-10 - (-6 + 4)).
-45
Evaluate 0 + -96 + -5 + 11 + -6 + -2 + 4.
-94
What is 1 - 10 - (-52 + 31 - 67)?
79
Evaluate (0 - ((4 - 26) + 13)) + 33.
42
Evaluate -52 + (-47 - -109) - -48.
58
What is the value of 273 + -343 - (1 + 2 + -21)?
-52
34 - 7 - (59 + 0 + -33)
1
Calculate (74 - (-1 + -1)) + 4 - (-550 + 556).
74
Evaluate 38 + (6 + (4 - 23) + (4 - -3) - -6).
38
-51 - (-45 + 47 - 5)
-48
What is the value of -6 - (-9 + 0 + 8) - (0 - (29 + -3))?
21
What is the value of -26 + 51 - (3 + 4 + -13 + 0)?
31
Evaluate 34 - (-32 + -26 + 110).
-18
What is the value of (-1 - -37) + (1 + 29 - (-177 - -217))?
26
What is the value of (0 - 0) + 583 + -595 + -17?
-29
Evaluate 9 - (5 + 2) - (-14 + -16 + 13 + 81).
-62
Evaluate (0 - 1) + -18 - ((-108 - -197) + -104).
-4
Calculate 42 + (55 + -53 - (14 + -15)).
45
Calculate -8 - 5 - (10 + 47 - (-19 + -2 - -9)).
-82
What is (-1839 - -1813) + 1 + 8 - (-1 - -11)?
-27
Evaluate 5672 + -5595 - (52 - -1).
24
Calculate -10 - (-2 + (9 + -9 + 3 + 1 - 47)).
35
Calculate -34 - (17 + -81) - (-1 + (1 - -1) - -1).
28
Evaluate -6 + 38 + -12 + (-14 + 7 - -6).
19
Evaluate -42 - -22 - (-115 + -20 - 3) - -15.
133
67 + (-67 + -22 - -31)
9
55 - (53 - (124 - 58))
68
What is -14 + (-1 - 14) + (-9 - (-130 - -25))?
67
1 - -55 - (-9 - (-19 - -21) - (4 - 16))
55
18 - ((-18 + 7 - 1) + 9 + -8)
29
What is the value of -2 + -61 + (252 - 210)?
-21
Evaluate 9002 - 8980 - (96 - -2 - -3).
-79
Evaluate (20 + -40 + 20 - -7 - 10) + 7 + 1.
5
What is the value of (1359 - 1395) + 1 + 22?
-13
70 + 26 + -47 - 18
31
(-6 - -1) + -4 - (6 - -20 - 48)
13
Evaluate 28 - (70 + -65 + -3).
26
Calculate -1 + 2 + -3 + -7 + (5 - -17) + -29.
-16
-1 + -17 + 1865 + -1827
20
391 - 400 - (-4 + (-1 - 13))
9
What is the value of -54 - -4 - (5 + 8 + -29)?
-34
Evaluate -13 + (2 - 102) + 5 - (97 - 75).
-130
What is (-1 - 52) + (-8 - (-22 + -27)) + -40?
-52
91 - (-30 - (45 + -37 - 7))
122
Calculate 5 + 